e factors of 259859.
53, 4903
What are the prime factors of 34166920?
2, 5, 73, 11701
List the prime factors of 4013828.
2, 7, 13, 11027
What are the prime factors of 7211677?
11, 257, 2551
What are the prime factors of 173476?
2, 31, 1399
List the prime factors of 1397095.
5, 7, 179, 223
What are the prime factors of 176195?
5, 131, 269
What are the prime factors of 516128?
2, 127
What are the prime factors of 15889288?
2, 17, 116833
What are the prime factors of 23579676?
2, 3, 654991
List the prime factors of 891642.
2, 3, 173, 859
What are the prime factors of 1757968?
2, 109873
List the prime factors of 3247710.
2, 3, 5, 29, 3733
What are the prime factors of 3531473?
11, 19, 61, 277
What are the prime factors of 217382?
2, 11, 41, 241
What are the prime factors of 3104007?
3, 127, 8147
List the prime factors of 467817.
3, 7, 22277
List the prime factors of 22178.
2, 13, 853
List the prime factors of 10112314.
2, 17, 297421
What are the prime factors of 1586518?
2, 31, 25589
What are the prime factors of 1055535?
3, 5, 13, 5413
What are the prime factors of 27967138?
2, 13983569
What are the prime factors of 6976058?
2, 3488029
List the prime factors of 6901300.
2, 5, 7, 9859
What are the prime factors of 53880?
2, 3, 5, 449
List the prime factors of 225943.
225943
What are the prime factors of 2723322?
2, 3, 7, 59, 157
What are the prime factors of 1840279?
7, 262897
What are the prime factors of 3791370?
2, 3, 5, 11, 11489
List the prime factors of 2221195.
5, 19, 103, 227
What are the prime factors of 36026858?
2, 7, 367621
What are the prime factors of 63470?
2, 5, 11, 577
List the prime factors of 4149370.
2, 5, 53, 7829
What are the prime factors of 102229?
102229
What are the prime factors of 958571?
23, 71, 587
List the prime factors of 5019875.
5, 7, 5737
List the prime factors of 2227188.
2, 3, 185599
What are the prime factors of 1381707?
3, 153523
List the prime factors of 464928.
2, 3, 29, 167
List the prime factors of 3583089.
3, 132707
What are the prime factors of 16374365?
5, 7, 587, 797
List the prime factors of 1044708.
2, 3, 7, 12437
What are the prime factors of 217001?
217001
List the prime factors of 34305659.
19, 1805561
List the prime factors of 265497.
3, 88499
List the prime factors of 42279595.
5, 17, 131, 3797
List the prime factors of 37921211.
1031, 36781
What are the prime factors of 631975?
5, 17, 1487
List the prime factors of 168706.
2, 67, 1259
What are the prime factors of 80350?
2, 5, 1607
List the prime factors of 4107948.
2, 3, 13, 17, 1549
What are the prime factors of 32464122?
2, 3, 19, 47, 73, 83
List the prime factors of 16557.
3, 5519
List the prime factors of 361682.
2, 193, 937
List the prime factors of 409029.
3, 136343
List the prime factors of 457617.
3, 152539
What are the prime factors of 251521?
97, 2593
List the prime factors of 258984.
2, 3, 11, 109
What are the prime factors of 475657?
7, 13, 5227
List the prime factors of 12691745.
5, 11, 23, 79, 127
List the prime factors of 95511.
3, 13, 31, 79
What are the prime factors of 2612305?
5, 17, 73, 421
List the prime factors of 784071.
3, 87119
What are the prime factors of 3705050?
2, 5, 74101
List the prime factors of 275585.
5, 55117
What are the prime factors of 1802623?
1193, 1511
What are the prime factors of 126937?
23, 5519
List the prime factors of 539970.
2, 3, 5, 41, 439
What are the prime factors of 8942349?
3, 13, 167, 1373
What are the prime factors of 15993709?
15993709
List the prime factors of 3721896.
2, 3, 17231
List the prime factors of 13611062.
2, 1301, 5231
List the prime factors of 10026389.
10026389
What are the prime factors of 252170?
2, 5, 151, 167
List the prime factors of 3379666.
2, 23, 73471
List the prime factors of 2756606.
2, 157, 8779
List the prime factors of 2389922.
2, 1194961
What are the prime factors of 4876207?
7, 23, 31, 977
What are the prime factors of 626824?
2, 11, 17, 419
What are the prime factors of 881131?
41, 21491
What are the prime factors of 559695?
3, 5, 37313
What are the prime factors of 1480738?
2, 7, 105767
What are the prime factors of 4364430?
2, 3, 5, 7, 2969
What are the prime factors of 6811527?
3, 71, 113, 283
What are the prime factors of 288600?
2, 3, 5, 13, 37
What are the prime factors of 436241?
13, 23, 1459
What are the prime factors of 254660?
2, 5, 7, 17, 107
List the prime factors of 811490.
2, 5, 19, 4271
What are the prime factors of 61204?
2, 11, 13, 107
List the prime factors of 23886.
2, 3, 1327
What are the prime factors of 7251530?
2, 5, 11, 13, 461
What are the prime factors of 2248811?
17, 132283
List the prime factors of 203038.
2, 11, 839
List the prime factors of 566424.
2, 3, 7867
What are the prime factors of 831432?
2, 3, 7, 101
List the prime factors of 553227.
3, 184409
What are the prime factors of 451733?
29, 37, 421
List the prime factors of 7011109.
7, 1001587
List the prime factors of 75952.
2, 47, 101
List the prime factors of 11072367.
3, 1230263
What are the prime factors of 11225982?
2, 3, 181, 10337
List the prime factors of 20974730.
2, 5, 7, 149, 2011
What are the prime factors of 9470743?
9470743
List the prime factors of 16168.
2, 43, 47
What are the prime factors of 4913254?
2, 2456627
What are the prime factors of 484316?
2, 7, 353
What are the prime factors of 33062679?
3, 13, 19, 107, 139
What are the prime factors of 11458354?
2, 1321, 4337
What are the prime factors of 360179?
17, 21187
What are the prime factors of 11392334?
2, 43, 132469
What are the prime factors of 18669936?
2, 3, 31, 12547
What are the prime factors of 1983764?
2, 17, 29173
What are the prime factors of 1663650?
2, 3, 5, 3697
What are the prime factors of 357937?
173, 2069
What are the prime factors of 174795?
3, 5, 43, 271
List the prime factors of 2458577.
11, 223507
List the prime factors of 819123.
3, 137, 1993
What are the prime factors of 2198149?
1237, 1777
What are the prime factors of 10868215?
5, 2173643
List the prime factors of 28201186.
2, 13, 1084661
What are the prime factors of 3070779?
3, 317, 3229
What are the prime factors of 67589?
67589
What are the prime factors of 184772?
2, 7, 6599
What are the prime factors of 71850?
2, 3, 5, 479
What are the prime factors of 1560808?
2, 37, 5273
What are the prime factors of 7955723?
23, 191, 1811
What are the prime factors of 1335499?
11, 167, 727
List the prime factors of 292327.
7, 41761
What are the prime factors of 567926?
2, 443, 641
What are the prime factors of 21417593?
233, 91921
What are the prime factors of 852050?
2, 5, 17041
What are the prime factors of 9259825?
5, 173, 2141
List the prime factors of 58217.
58217
List the prime factors of 32872325.
5, 1314893
What are the prime factors of 162928?
2, 17, 599
What are the prime factors of 639498?
2, 3, 53, 2011
What are the prime factors of 3311188?
2, 257, 3221
What are the prime factors of 649837?
233, 2789
What are the prime factors of 15433977?
3, 13, 17, 23279
List the prime factors of 651334.
2, 325667
List the prime factors of 581017.
137, 4241
List the prime factors of 163169.
163169
What are the prime factors of 9930574?
2, 4965287
List the prime factors of 298612.
2, 74653
What are the prime factors of 4568945?
5, 37, 24697
List the prime factors of 10989135.
3, 5, 81401
What are the prime factors of 587888?
2, 7, 29, 181
What are the prime factors of 593363?
59, 89, 113
List the prime factors of 14219413.
13, 59, 18539
List the prime factors of 762364.
2, 190591
What are the prime factors of 4366435?
5, 23, 43, 883
List the prime factors of 2862828.
2, 3, 281, 283
List the prime factors of 809768.
2, 101221
What are the prime factors of 128285?
5, 25657
List the prime factors of 807687.
3, 17, 5279
List the prime factors of 5859293.
11, 532663
List the prime factors of 8899768.
2, 1112471
What are the prime factors of 339835?
5, 67967
What are the prime factors of 8376?
2, 3, 349
List the prime factors of 3489874.
2, 233, 7489
List the prime factors of 8658475.
5, 7, 49477
What are the prime factors of 1205262?
2, 3, 66959
What are the prime factors of 1874097?
3, 17, 1361
List the prime factors of 817342.
2, 19, 137, 157
What are the prime factors of 801591?
3, 7, 19, 41
What are the prime factors of 227955?
3, 5,